*f**2 - 26*f - 233. What is b(-11)?
779
Let q(h) = -196*h**3 - 5*h**2 - 72*h + 138. Determine q(2).
-1594
Let q(u) = 14502*u - 130528. Determine q(9).
-10
Let c(u) = 825746*u + 24772376. What is c(-30)?
-4
Let r(b) = -114*b**2 - 5*b + 1530. What is r(0)?
1530
Let o(m) = 179*m - 2983. Calculate o(18).
239
Let k(u) = -224*u**2 + 1305*u + 239. Give k(6).
5
Let o(z) = 2*z**3 + 2196*z**2 - 22170*z + 30. Calculate o(10).
-70
Let a(q) = 7*q**3 - 7*q**2 - 31*q - 1. What is a(-7)?
-2528
Let u(h) = 2*h**3 - 212*h**2 - 206*h - 471. Calculate u(107).
385
Let o(h) = 1164*h + 427185. Give o(-367).
-3
Let t(n) = 8737*n + 44080. Give t(-5).
395
Let m(i) = 1046*i**2 + 4150*i - 66. Calculate m(-4).
70
Let n(p) = p**3 - 24*p**2 - 162*p + 122. Give n(28).
-1278
Let h(j) = j**3 + 312*j**2 - 11*j - 3455. Calculate h(-312).
-23
Let w(h) = 2041*h - 30321. Determine w(14).
-1747
Let m(t) = 1787*t - 330087. What is m(185)?
508
Let h(p) = -p**3 - 229*p**2 + 11682*p - 3802. What is h(-272)?
6
Let p(r) = r**2 + 1477*r + 321238. What is p(-265)?
58
Let o(p) = 6*p**3 + 216*p**2 + 52*p + 30. Determine o(-36).
-1842
Let w(i) = -2*i**3 + 11*i**2 - 173*i + 1339. Calculate w(7).
-19
Let l(t) = 3*t**2 - 804*t - 14506. What is l(285)?
29
Let h(b) = -164*b**3 + 7*b**2 - 713*b - 1432. Give h(-2).
1334
Let w(z) = 3*z**3 - 157*z**2 - 5999*z - 586. Determine w(78).
-40
Let h(d) = -470*d**2 + 2120*d - 944. Give h(4).
16
Let j(x) = 47964*x - 911338. Calculate j(19).
-22
Let y(z) = -z**3 - 55*z**2 - 280*z - 127. Calculate y(-6).
-211
Let y(k) = 3629664*k - 18148319. Determine y(5).
1
Let z(u) = 17*u**2 + 395*u - 16. Calculate z(-16).
-1984
Let f(h) = -h**3 - 180*h**2 - 1067*h - 3932. What is f(-174)?
70
Let c(m) = -74*m**2 + 51345*m + 7646. Calculate c(694).
12
Let w(d) = -d**3 - 11*d**2 + 4800*d - 9. Determine w(64).
-9
Let t(f) = f**3 + 484*f**2 - 185*f - 89561. What is t(-484)?
-21
Let q(j) = -13458*j + 161477. Give q(12).
-19
Let y(b) = -373*b**2 + 6092*b - 1989. What is y(16)?
-5
Let k(d) = 9*d**3 + 4855*d**2 + 6994*d + 1. Calculate k(-538).
1
Let t(o) = 4986*o - 49096. Determine t(10).
764
Let x(g) = 38337*g**2 + 881759*g + 184. Calculate x(-23).
0
Let a(s) = -55*s**3 - s**2 + 375*s - 374. Calculate a(1).
-55
Let z(d) = -d**3 + 440*d**2 - 9889*d - 39516. Determine z(416).
4
Let p(b) = -2*b**3 - 28*b**2 - 201*b - 1847. Determine p(-12).
-11
Let d(i) = 381*i + 19557. Calculate d(-53).
-636
Let y(h) = h**2 - 2712*h - 772718. Calculate y(-260).
2
Let q(w) = 42217*w - 295421. Determine q(7).
98
Let h(l) = -196186*l - 196141. Calculate h(-1).
45
Let i(h) = 333570*h + 5003528. Determine i(-15).
-22
Let h(b) = -103328*b + 206648. What is h(2)?
-8
Let u(p) = 2098*p + 69228. Calculate u(-33).
-6
Let u(w) = 4850*w - 257059. Calculate u(53).
-9
Let g(n) = 34*n**2 - 74917*n - 41882. Determine g(2204).
-6
Let z(o) = -2*o**3 + 3*o**2 + 26*o - 111. Determine z(14).
-4647
Let y(p) = -47*p**2 + 6576*p - 686. Calculate y(140).
-1246
Let g(i) = -335*i**2 + 6333*i + 603. Give g(19).
-5
Let i(c) = 6*c**2 + 557*c - 81. Give i(-93).
12
Let s(b) = 2*b**3 + 25*b**2 - 5346*b - 64306. Calculate s(-12).
-10
Let h(k) = k**2 + 140*k - 55354. Give h(177).
755
Let c(b) = -3*b**2 - 2037*b + 57248. What is c(27)?
62
Let d(m) = m**3 - 58*m**2 + 542*m - 83. Calculate d(46).
-543
Let n(z) = -z**2 - 5393*z + 86565. Give n(16).
21
Let y(h) = 16*h**3 - 1986*h**2 + 247*h - 219. Determine y(124).
-343
Let u(n) = 14371*n - 5417861. Give u(377).
6
Let l(m) = m**3 - 285*m**2 + 12595*m + 3016. Calculate l(55).
-9
Let s(k) = 3*k**3 + 4*k**2 - 57*k + 358. Give s(-7).
-76
Let f(h) = 55*h + 5453. Calculate f(-92).
393
Let w(b) = b**3 - 6*b**2 - 117*b + 12. What is w(-12)?
-1176
Let w(b) = 624*b**3 - 955*b**2 - 13*b + 4. What is w(2)?
1150
Let x(y) = -y**3 + 54*y**2 + 85*y - 1701. Calculate x(55).
-51
Let t(b) = 6*b**2 - 1103*b - 4547. Calculate t(-4).
-39
Let v(m) = -20315*m + 4042685. Calculate v(199).
0
Let p(j) = -24*j**2 - 380*j - 250. Determine p(-20).
-2250
Let t(h) = -2*h**3 - 256*h**2 + 136*h + 17384. Determine t(-128).
-24
Let g(w) = 629*w - 2733. Determine g(5).
412
Let d(k) = -1256*k + 6185. Determine d(6).
-1351
Let c(d) = -3806*d - 121889. What is c(-32)?
-97
Let u(v) = 4*v**2 - 384*v - 12096. Determine u(121).
4
Let x(g) = 5624*g - 281959. Determine x(50).
-759
Let l(w) = -17*w**2 - 376*w + 390378. Give l(-163).
-7
Let q(s) = -54*s**2 - 5161*s - 7989. What is q(-94)?
1
Let y(k) = 580*k + 4162. Determine y(-7).
102
Let l(p) = p**3 + 83*p**2 - 326*p + 10124. Calculate l(-88).
92
Let j(h) = h**3 + 8447*h**2 + 193754*h - 92. What is j(-23)?
-138
Let i(q) = 2*q**3 - 39*q**2 + 89*q - 1322. Determine i(19).
8
Let t(y) = -7*y**2 - 721*y + 726. Calculate t(1).
-2
Let i(s) = s**3 - 11*s**2 + 396*s - 3882. Calculate i(10).
-22
Let q(y) = y**2 + 549*y + 5451. Give q(-10).
61
Let n(j) = j**3 + 835*j**2 + 6645*j + 23970. Give n(-827).
-13
Let l(h) = -6533*h - 3338359. What is l(-511)?
4
Let x(w) = 3662*w + 325891. Give x(-89).
-27
Let w(c) = c**3 - 14*c**2 - 860*c + 4686. Calculate w(-26).
6
Let w(p) = -p**3 + 64*p**2 - 225*p - 103. Give w(60).
797
Let k(a) = 11*a**2 + 92*a - 548. What is k(7)?
635
Let i(p) = -196*p**2 + 5702*p + 5703. Calculate i(-1).
-195
Let a(r) = 23342*r + 23396. Determine a(-1).
54
Let h(t) = 5*t**2 - 176*t + 1801. Give h(11).
470
Let l(q) = -q**3 - 14*q**2 - 859*q - 10980. What is l(-13)?
18
Let h(w) = -w**2 - 122*w + 8264. Calculate h(49).
-115
Let q(h) = 5*h**3 + 80*h**2 + 568*h - 30. Calculate q(-10).
-2710
Let m(i) = -i**3 + 101*i**2 + 816*i + 420. Determine m(-7).
0
Let s(y) = 31723*y + 20366169. Calculate s(-642).
3
Let s(p) = -2826*p**2 + 19819*p + 13. Calculate s(7).
272
Let z(p) = -5*p**3 + 102*p**2 - 371*p + 1398. Calculate z(17).
4
Let l(c) = -c**3 - 6*c**2 - 5*c + 22. Determine l(2).
-20
Let m(o) = 827*o - 97597. Give m(118).
-11
Let s(i) = 2*i**2 + 111*i + 1332. Determine s(-18).
-18
Let n(l) = -l**3 + 150*l**2 + 3022*l - 48. Determine n(-18).
-12
Let g(v) = -332*v + 16293. Calculate g(50).
-307
Let n(l) = 108*l + 1510. Calculate n(-6).
862
Let r(l) = l**2 - 1329*l - 39397. Determine r(-29).
-15
Let o(f) = 67651*f + 1556028. Calculate o(-23).
55
Let h(y) = 10*y**2 + 1993*y + 15870. Give h(-8).
566
Let c(a) = -8331*a + 50000. What is c(6)?
14
Let c(n) = -9759*n + 48806. What is c(5)?
11
Let x(q) = 281*q - 18352. Give x(65).
-87
Let m(q) = q**3 + 3*q**2 - 27*q + 67. What is m(2)?
33
Let g(x) = 91093*x - 1093165. Determine g(12).
-49
Let l(d) = -1986*d - 59573. Calculate l(-30).
7
Let h(w) = -35*w**3 + 196*w**2 - 88*w - 4. Calculate h(6).
-1036
Let a(j) = 3*j**3 - 332*j**2 + 1166*j + 1039. Give a(107).
-138
Let g(h) = -h**2 - 111*h + 2556. Give g(19).
86
Let n(d) = 16*d**2 - 1435*d + 12977. Give n(9).
1358
Let i(x) = x**3 + 9*x**2 - 16632*x - 215537. Determine i(-13).
3
Let x(i) = -208*i - 48032. Determine x(-231).
16
Let l(x) = -2*x**2 - 172*x - 4. Determine l(-6).
956
Let q(n) = -n**2 - 206*n - 9689. Determine q(-144).
-761
Let u(h) = h**3 - 79*h**2 - 83*h + 235. Give u(80).
-5
Let z(h) = -16543*h**2 + 115797*h + 37. What is z(7)?
9
Let u(g) = -1161*g - 34620. What is u(-31)?
1371
Let r(v) = 1734*v**2 - 38*v + 36. Give r(1).
1732
Let l(o) = 1766*o - 75425. Give l(43).
513
Let u(m) = -2532*m + 151912. Give u(60).
-8
Let r(x) = -3*x**3 + x**2 + 86*x + 255. Give r(-3).
87
Let g(n) = n**3 + 33*n**2 + 210*n + 623. Calculate g(-26).
-105
Let p(t) = 2578*t - 7820. Give p(3).
-86
Let d(l) = -l**2 + 258*l - 14767. Give d(170).
193
Let k(p) = -p**3 + 90*p**2 - 633*p - 1627. Determine k(82).
259
Let m(z) = 841*z + 4858. What is m(-7)?
-1029
Let i(x) = x**2 + 6186*x + 49424. What is i(-8)?
0
Let m(z) = 516*z + 71218. What is m(-138)?
10
Let s(l) = 257*l + 9573. Determine s(-38).
-193
Let l(f) = -2*f**3 + 5365*f**2 - 3159*f + 1279319. What is l(2682)?
5
Let b(w) = -3*w**2 - 154*w - 1940. Give b(-40).
-580
Let f(j) = -57*j**2 + 810*j - 40. What is f(13)?
857
Let l(u) = 647*u**2 + 2*u + 4. Give l(1).
653
Let w(n) = -58*n**3 - 12*n**2 - 6*n - 28. What is w(-3)?
1448
Let q(u) = -757031*u - 2271098. Calculate q(-3).
-5
Let i(f) = f**3 + 36*f**2 - 251*f - 40. Give i(-42).
-82
Let r(y) = y**3 - 75*y**2 - 341*y + 1736. Give r(79).
-239
Let w(o) = 75*o**2 - 6465*o - 13225. Determine w(-2).
5
Let b(u) = 4381*u - 48